*2 - 2*p**2 + 8*p. Suppose -g + f + 47 = -0*g, g + 3*f = 55. Let m = 57 - g. Determine n(m).
0
Let b(m) = -m**3 - m**2 - m + 2. Let p be b(0). Let q(y) = 2*y**2 + 2*y - 1. Let k(j) = j**2 + j. Let z(l) = 3*k(l) - q(l). What is z(p)?
7
Let v(b) be the third derivative of -b**6/90 - b**5/60 - b**4/6 + 15*b**2. Let p(c) be the second derivative of v(c). Determine p(-2).
14
Let u(h) = h**3 + 3*h**2 + 2*h + 2. Suppose 3*a - 17 = -23. Let q be u(a). Suppose -d + q*d = 2. Let s(x) = 2*x**2 - 2*x - 2. Give s(d).
2
Let w(z) = -9*z**2 + z**3 + 4*z - 5*z + 15*z**2 - 5 + 0. Let i(c) = -4*c - 12. Let u be i(-5). Let s be ((-18)/u)/((-3)/(-8)). Give w(s).
1
Let w(t) = -30*t - 541. Let u be w(-18). Let m(q) = -12*q**2 + 1. Let k(x) = 12*x**2 - x - 2. Let i(h) = -2*k(h) - 3*m(h). Determine i(u).
11
Let o(h) = 15*h - 9. Let b(m) = 2*m - 2. Let z(r) = -3*b(r) + o(r). Calculate z(6).
51
Suppose 0 = 44*s + 250 - 30. Let f(u) = -u**3 - 6*u**2 - 2*u + 15. Give f(s).
0
Let b(v) be the second derivative of -v**3/6 - 3*v**2 + v. Let j be (-60)/24*(-12)/(-10). Let k = j + 3. Determine b(k).
-6
Let w be 8/((-3)/((-9)/(-6)))*2. Let c(v) = -2*v - 4. Give c(w).
12
Suppose 112 - 117 = -j. Let l(w) = w**3 - 3*w**2 - 5*w + 4. Calculate l(j).
29
Let m(o) = 15 - 5*o**2 - o + 6*o**2 - 9 - 4. What is m(0)?
2
Suppose 2*v + 3*v = -3*k + 140, -v + 28 = k. Suppose -3*p + v = 13. Let n(l) = l**2 - 7*l + 3. What is n(p)?
-7
Let a(c) = 6 + c**2 + 0*c + 5*c + 0*c**2. Let q be 11 + (-4 - -3)*3. Suppose -3*i + 4*r = 2*i + 29, -2*i - 2*r = q. Determine a(i).
6
Let o(h) = -4*h - 11. Let b(y) = -y - 5. Let m(f) = 13*b(f) - 6*o(f). Calculate m(1).
12
Let w(u) be the third derivative of -u**4/24 + 3*u**2 - 4. Suppose 4 = 4*y - 4. Suppose 2 = -l - y. Give w(l).
4
Suppose 10 = 5*w - u + 26, -3*w - 4*u - 5 = 0. Let y(m) = 13*m**2 - 4*m + 1. Let c(r) = 3*r**2 - r. Let a = 4 - 6. Let t(x) = a*y(x) + 9*c(x). Calculate t(w).
10
Let p(h) = h**2 - h - 2. Let q(d) = -4*d**2 + 5*d - 4. Let w be q(1). Determine p(w).
10
Let p(d) = d**3 - 20*d**2 - 23*d + 42. Let g = 1968 - 1947. Determine p(g).
0
Let c(o) = -o**2 - 3*o - 3. Let u = -18 - -23. Suppose u*n = 9*n. Suppose 3*d = -n*d - 6. Determine c(d).
-1
Suppose 2*r + 7 + 5 = 0. Let x(a) = -2*a**3 - 3*a**2 + a + 1. Let c(q) = 11*q**3 + 20*q**2 - 9*q - 3. Let y(o) = -c(o) - 5*x(o). What is y(r)?
10
Let i(j) = 16 + 3 + 6*j - 7 - 14. What is i(2)?
10
Let g(t) = t**2 + 6*t + 1. Let u(s) = -s**3 + 8*s**2 - 7*s + 3. Let z be u(7). Suppose -z*b - 24 = -3*p, 4*b = -5*p + 3*p - 8. What is g(b)?
-7
Let x(d) = -45*d - 1. Let q be x(2). Let y = -93 - q. Let b(z) = z**2 - 3*z - 3. Calculate b(y).
7
Let m(h) be the third derivative of -h**6/40 + 7*h**5/60 + h**4/24 + 23*h**2. Let v(q) = -7*q**3 + 14*q**2 + 3*q. Let r(n) = 5*m(n) - 2*v(n). Calculate r(7).
-7
Let t(i) = -i**2 + 13*i - 15. Let s be 2/7 - (-375)/35. Calculate t(s).
7
Let w(v) = 14*v**2 - 4*v**2 + 0*v**2 + 664 + 6*v - 666 - 9*v**2. Let f(y) = 7*y**3 - y**2 - y. Let n be f(-1). What is w(n)?
5
Let k(x) be the third derivative of x**6/120 - x**5/12 - 5*x**4/24 - x**3/3 - 259*x**2. Give k(6).
4
Let c(w) be the second derivative of 29*w**4/12 - w**3/6 - 12*w. Suppose 3*q - 5 = -2. Determine c(q).
28
Let z(r) = -r - 4 + 6*r - 5*r - 2*r. What is z(-4)?
4
Suppose 0 = 8*u - 3*u, 2*x + 6 = 3*u. Let g(t) = t**2 - 4. Calculate g(x).
5
Let p(z) be the third derivative of z**4/12 + 11*z**3/3 + z**2 + 73*z. Give p(-15).
-8
Let m(b) = 14*b**3 + 13*b**2 - 11*b - 18. Let v(t) = 17*t**3 + 13*t**2 - 11*t - 19. Let x(h) = -6*m(h) + 5*v(h). Calculate x(12).
1
Suppose 0 = -30*d + 31*d - 2. Let f(h) = -2*h**3 + 3*h + 1. Determine f(d).
-9
Let u(m) = 8*m**2 + m - 1. Let d be u(1). Let q(v) = -11 + 3 - 2*v + 3*v**2 - 2*v**2 + d*v. Give q(-7).
-1
Let z(u) = 5*u - 1. Suppose -3*s = -5*f + 13, 5*f - 12 + 0 = 2*s. Calculate z(f).
9
Let n(s) = -3*s**2 - 14*s - 6. Let y(k) = -k**2 - 2*k. Let d(f) = n(f) - 2*y(f). Give d(-10).
-6
Let a = 37 - 6. Suppose 5*m - a + 6 = 0. Let u(t) = t**2 - 2*t - 4. Calculate u(m).
11
Let g(z) = -12 - 3*z + 3 + 15 - z**2 + 3. Give g(-4).
5
Let w = 211 - 207. Let y(p) be the third derivative of 5/24*p**w - 1/6*p**3 + 0*p + 4*p**2 + 0. What is y(-1)?
-6
Let l(t) = 2*t + 2*t**2 - t**2 - 1 - 6. Let h = 1834 - 1839. Calculate l(h).
8
Let i(w) = w + 1. Let l(s) = -s**3 - 9*s**2 - 8*s + 6. Let h be l(-8). Suppose -2*z = 2*y - 4, h*y - 3*y = -z. What is i(z)?
4
Suppose d + 28 - 5 = 5*j, d + 3 = 0. Let y(t) = -6*t + 4. Determine y(j).
-20
Suppose 3*s = 5*s - 4. Let q(u) = 30 - 29 + 0*u - s*u. Suppose -4*p + 6*t + 16 = t, 20 = 5*p - 5*t. Determine q(p).
-7
Let d = -6821 + 6820. Let v(a) = -3*a. Let z(t) = -4*t. Let k(i) = -7*v(i) + 5*z(i). Give k(d).
-1
Let i(n) = -13*n**3 - 29*n**2 + 19*n + 19. Let s(g) = 3*g**3 + 7*g**2 - 5*g - 5. Let u(l) = -2*i(l) - 9*s(l). Suppose 2*y = 6*y + 24. Give u(y).
1
Let i(a) = 2*a**2 - 3*a. Suppose 4*u - 10 = -2. Let r be i(u). Let v(n) = -n**3 + 2*n**2 - 1. What is v(r)?
-1
Let v be 3 + 1 - (-8)/(-8). Let l(t) = t**3 - 3*t**2 + 4*t - 4. Determine l(v).
8
Let n(f) = -3*f**3 + 10*f**2 - 3*f + 4. Let k(h) = 16*h**3 - 51*h**2 + 16*h - 19. Let j(d) = -2*k(d) - 11*n(d). Let q = 1011 + -1003. Give j(q).
2
Let u(l) = l. Let v be (-9)/24*6*8/3. What is u(v)?
-6
Let k(q) = q**3 - 3*q**2 - 7*q + 13. Let y be k(4). Let d(o) = -29*o. What is d(y)?
-29
Let u(y) = 2*y + 14*y**2 - 13*y**2 + 5 + 2*y. Let o be u(-3). Let q(b) = 3 + 2*b**3 + 0*b**2 - 2*b**2 + o*b - 4. What is q(2)?
11
Let c(s) be the second derivative of 4/3*s**3 - 1/2*s**2 - 2*s + 0. Let n(u) = -u - 3. Let g be n(-4). What is c(g)?
7
Let c(o) = -4*o**3 - 4*o**2 + 6*o - 4. Let b(a) = 5*a**3 + 3*a**2 - 5*a + 3. Let f(k) = -5*b(k) - 4*c(k). Let q be (-32)/12 + 1 + (-4)/(-6). What is f(q)?
10
Let v = 69 - 32. Let w = v + -37. Let j(o) be the first derivative of o**2/2 - 7*o - 2. Calculate j(w).
-7
Suppose -3*w = 4*j + 43, -j = w + 11 + 1. Let t(f) be the second derivative of f**4/12 + 7*f**3/6 + 2*f**2 + 2*f + 18. Determine t(j).
4
Suppose -5*y + 36 - 33 = 2*b, 0 = -2*b + 5*y + 13. Let q(v) = -v**2 - 3*v + 8. Determine q(b).
-20
Let n(m) be the first derivative of 11*m**3/3 + m - 81. Determine n(1).
12
Suppose -p - 9 = 1. Let j(o) = 12*o + 7 - 35*o**2 + 16*o**2 + 20*o**2 + 5. Give j(p).
-8
Let l(k) = -k**3 - 2*k**2 - k. Let a be l(-2). Let s(h) = -h**2. Calculate s(a).
-4
Let d(p) = -7*p**2 - 5*p. Let x(f) = 3*f**2 + 3*f. Let b(y) = 2*d(y) + 5*x(y). Let m(o) = o**3 - 21*o**2 - 5. Let l be m(21). What is b(l)?
0
Let f(l) be the second derivative of l**5/20 + 13*l**4/12 - 2*l**3 + 27*l**2/2 - 199*l. Give f(-14).
-1
Let y(b) = b**3 - 2*b**2 - b. Let k(h) = -h**3 + 2*h**2 + 3*h - 3. Let r(t) = -k(t) - 2*y(t). What is r(3)?
-9
Let w(b) = b**3 + 6*b**2 + 3*b - 2. Let h be 2*1 - (-4 - 1). Let d(n) = -28*n + 0 + 29*n - 12. Let f be d(h). Calculate w(f).
8
Let f(s) be the second derivative of s**5/20 + 5*s**4/12 - s**3 - s**2 + 18*s. Suppose 2*i - 17 = -29. Determine f(i).
-2
Let w = 1406 - 1396. Let o(s) be the first derivative of 3/2*s**2 - w + 6*s. What is o(-6)?
-12
Let z(c) = -42*c - 3*c**2 + 41*c + 2*c**3 + 0*c**2 - 8 + 12. Determine z(2).
6
Suppose 2*y + 40 = 28. Let i(d) = -d**3 - 7*d**2 - 3*d + 5. Give i(y).
-13
Let y(n) be the second derivative of n**3/6 + 2*n**2 + 7966*n. Suppose 0 = -3*c - 5 - 1. Let t = -2 - c. Give y(t).
4
Let x(u) = 13*u**2 - 6*u + 5. Let i(g) = -5*g + 12*g**2 + 19 - 9 - 6 + 0. Let m(v) = 6*i(v) - 5*x(v). Give m(1).
6
Let t(i) = 12*i**2 - 15*i - 18. Let n(s) = 5*s**2 - 7*s - 10. Let x(d) = 5*n(d) - 2*t(d). Calculate x(8).
10
Let x(y) = 3 + y**2 - 15*y**3 - 2 - y + 0. Suppose 3*q = -2*d - 5, 3*d + 10 = -9*q + 7*q. Calculate x(q).
-14
Let i(x) = -2*x**3 - 3*x**2 + 15*x - 19. Let v(t) = 7*t**3 + 5*t**2 - 44*t + 58. Let b(s) = 10*i(s) + 3*v(s). What is b(14)?
40
Let p(a) = -a**3 - a + 1. Let h = 78 + -82. Let i be (h/3)/(3/((-9)/2)). Determine p(i).
-9
Let s(c) = -c**3 + 5*c**2 - 4*c. Let f(w) = 5*w + 49. Let x be f(-9). Calculate s(x).
0
Let u = 4 + -4. Let k(v) = u*v - 6 - 3*v + 2*v. Suppose 6*d = 7 - 7. What is k(d)?
-6
Suppose -7*k = -2*k - 25. Suppose 0 = -2*c + 15 - k. Let p(g) = c*g**3 - 7 + 2*g**3 - 15*g**3 + 5*g**2 + 9*g**3 + g. Give p(-5).
-12
Let v = -2 - -7. Let h(c) be the first derivative of 1/2*c**2 - 5/